thousands digit of 2766?
2
What is the tens digit of 14861?
6
What is the units digit of 8000?
0
What is the thousands digit of 113519?
3
What is the units digit of 1689?
9
What is the tens digit of 2014?
1
What is the tens digit of 24039?
3
What is the units digit of 577?
7
What is the units digit of 5968?
8
What is the ten thousands digit of 38631?
3
What is the hundreds digit of 326?
3
What is the hundreds digit of 963?
9
What is the ten thousands digit of 48065?
4
What is the thousands digit of 10964?
0
What is the thousands digit of 9415?
9
What is the thousands digit of 2243?
2
What is the hundreds digit of 7724?
7
What is the units digit of 33075?
5
What is the units digit of 12485?
5
What is the hundreds digit of 1356?
3
What is the hundreds digit of 762?
7
What is the thousands digit of 29225?
9
What is the ten thousands digit of 17376?
1
What is the units digit of 28?
8
What is the units digit of 31461?
1
What is the tens digit of 382?
8
What is the thousands digit of 4934?
4
What is the hundreds digit of 73169?
1
What is the ten thousands digit of 16426?
1
What is the tens digit of 1418?
1
What is the hundreds digit of 1284?
2
What is the tens digit of 224?
2
What is the tens digit of 929?
2
What is the units digit of 351?
1
What is the ten thousands digit of 83753?
8
What is the tens digit of 7751?
5
What is the thousands digit of 10032?
0
What is the hundreds digit of 1077?
0
What is the thousands digit of 9960?
9
What is the units digit of 1505?
5
What is the thousands digit of 4401?
4
What is the hundreds digit of 143?
1
What is the hundred thousands digit of 112216?
1
What is the hundreds digit of 8161?
1
What is the tens digit of 1158?
5
What is the hundreds digit of 697?
6
What is the units digit of 157?
7
What is the hundreds digit of 3883?
8
What is the tens digit of 3683?
8
What is the thousands digit of 1159?
1
What is the units digit of 19?
9
What is the units digit of 32206?
6
What is the units digit of 7116?
6
What is the tens digit of 22054?
5
What is the tens digit of 1225?
2
What is the hundreds digit of 63999?
9
What is the hundreds digit of 918?
9
What is the hundreds digit of 6980?
9
What is the tens digit of 784?
8
What is the units digit of 25284?
4
What is the units digit of 994?
4
What is the hundreds digit of 7870?
8
What is the tens digit of 42589?
8
What is the hundreds digit of 3715?
7
What is the hundreds digit of 715?
7
What is the tens digit of 37325?
2
What is the hundreds digit of 1744?
7
What is the hundreds digit of 23834?
8
What is the tens digit of 1048?
4
What is the hundreds digit of 6366?
3
What is the units digit of 2764?
4
What is the tens digit of 104760?
6
What is the units digit of 3916?
6
What is the hundreds digit of 5711?
7
What is the ten thousands digit of 10165?
1
What is the thousands digit of 12185?
2
What is the tens digit of 1803?
0
What is the tens digit of 3442?
4
What is the units digit of 7?
7
What is the hundreds digit of 8869?
8
What is the tens digit of 25955?
5
What is the hundreds digit of 546?
5
What is the units digit of 2742?
2
What is the units digit of 6907?
7
What is the tens digit of 860?
6
What is the hundreds digit of 15874?
8
What is the hundreds digit of 907?
9
What is the hundreds digit of 53732?
7
What is the units digit of 2936?
6
What is the tens digit of 66?
6
What is the thousands digit of 7352?
7
What is the units digit of 3678?
8
What is the units digit of 1124?
4
What is the tens digit of 6387?
8
What is the tens digit of 118?
1
What is the hundreds digit of 466?
4
What is the tens digit of 375?
7
What is the tens digit of 815?
1
What is the units digit of 33330?
0
What is the units digit of 12133?
3
What is the tens digit of 798?
9
What is the tens digit of 2687?
8
What is the units digit of 2881?
1
What is the thousands digit of 4005?
4
What is the hundreds digit of 293?
2
What is the tens digit of 1690?
9
What is the units digit of 39726?
6
What is the units digit of 489?
9
What is the thousands digit of 2271?
2
What is the units digit of 7961?
1
What is the hundreds digit of 19667?
6
What is the hundreds digit of 1323?
3
What is the units digit of 856?
6
What is the units digit of 3198?
8
What is the hundreds digit of 596?
5
What is the units digit of 24804?
4
What is the units digit of 9144?
4
What is the tens digit of 767?
6
What is the units digit of 47523?
3
What is the hundreds digit of 183103?
1
What is the hundreds digit of 1623?
6
What is the hundreds digit of 970?
9
What is the hundreds digit of 7271?
2
What is the hundreds digit of 599?
5
What is the thousands digit of 1455?
1
What is the ten thousands digit of 98460?
9
What is the units digit of 162?
2
What is the tens digit of 4444?
4
What is the thousands digit of 11899?
1
What is the thousands digit of 1653?
1
What is the tens digit of 199749?
4
What is the units digit of 41328?
8
What is the tens digit of 37586?
8
What is the hundreds digit of 78794?
7
What is the units digit of 2094?
4
What is the units digit of 2655?
5
What is the units digit of 52100?
0
What is the units digit of 960?
0
What is the ten thousands digit of 14311?
1
What is the thousands digit of 48394?
8
What is the hundreds digit of 7895?
8
What is the thousands digit of 5326?
5
What is the thousands digit of 5277?
5
What is the ten thousands digit of 17871?
1
What is the hundreds digit of 7427?
4
What is the tens digit of 39034?
3
What is the hundreds digit of 38187?
1
What is the hundreds digit of 760?
7
What is the units digit of 632?
2
What is the tens digit of 97?
9
What is the hundreds digit of 38357?
3
What is the hundreds digit of 2136?
1
What is the hundreds digit of 41454?
4
What is the hundreds digit of 19862?
8
What is the units digit of 2857?
7
What is the hundreds digit of 58183?
1
What is the tens digit of 10246?
4
What is the units digit of 851?
1
What is the hundreds digit of 918?
9
What is the thousands digit of 19169?
9
What is the units digit of 1300?
0
What is the tens digit of 549?
4
What is the tens digit of 4597?
9
What is the ten thousands digit of 18501?
1
What is the units digit of 15193?
3
What is the thousands digit of 18181?
8
What is the units digit of 2893?
3
What is the ten thousands digit of 32705?
3
What is the units digit of 1652?
2
What is the hundreds digit of 2616?
6
What is the ten thousands digit of 10781?
1
What is the tens digit of 2338?
3
What is the tens digit of 37447?
4
What is the hundreds digit of 22312?
3
What is the hundred thousands digit of 129226?
1
What is the units digit of 5546?
6
What is the hundreds digit of 1138?
1
What is the units digit of 60352?
2
What is the tens digit of 24701?
0
What is the hundreds digit of 27894?
8
What is the thousands digit of 1781?
1
What is the units digit of 1154?
4
What is the units digit of 5092?
2
What is the units digit of 567?
7
What is the tens digit of 1954?
5
What is the units digit of 5686?
6
What is the units digit of 18484?
4
What is the hundreds digit of 1053?
0
What is the hundreds digit of 594?
5
What is the thousands digit of 4531?
4
What is the hundreds digit of 7419?
4
What is the hundreds digit of 2405?
4
What is the hundreds digit of 39012?
0
What is the hundreds digit of 1386?
3
What is the tens digit of 38997?
9
What is the thousands digit of 9773?
9
What is the units digit of 612?
2
What is the thousands digit of 5749?
5
What is the thousands digit of 28253?
8
What is the thousands digit of 38148?
8
What is the hundreds digit of 7071?
0
What is the tens digit of 44559?
5
What is the hundreds digit of 321?
3
What is the tens digit of 78?
7
What is the tens digit of 10712?
1
What is the hundred thousands digit of 117161?
1
What is the units digit of 138148?
8
What is the thousands digit of 3183?
3
What is the units digit of 1198?
8
What is the hundreds digit of 17482?
4
What is the hundreds digit of 22874?
8
What is the hundreds digit of 1749?
7
What is the thousands digit of 5682?
5
What is the thousands digit of 24730?
4
What is the tens digit of 12088?
8
What is the ten thousands digit of 45750?
4
What is the hundreds digit of 656?
6
What is the ten thousands digit of 32290?
3
What is the units digit of 8591?
1
What is the tens digit of 5008?
0
What is the thousands digit of 33367?
3
What is the t